-16. Let c = x - -21. Calculate the highest common factor of c and o.
7
Let p be 16 + -19 + 1 + 20. Let d(z) = -z**2 - 12*z + 7. Let w be d(-9). Suppose l = -p + w. Calculate the greatest common factor of 192 and l.
16
Suppose -4*z - 502 = -h, -15*h - 4*z + 1028 = -13*h. Let c be 10/(-5) + (1 - -31). Calculate the highest common factor of c and h.
30
Suppose -51 = -5*q + 3*t, -104*q - 2*t = -109*q + 54. Calculate the highest common divisor of 1974 and q.
6
Let i be 43986/24 - (-6 - ((-210)/24 + 3)). Calculate the highest common factor of 1209 and i.
39
Let p be (-3)/(-2)*(-256)/(-6). Suppose -207*q = -210*q + 6. Suppose o - 5*f + 9 = 0, 3*o - q*f - 22 - 16 = 0. What is the highest common divisor of p and o?
16
Let q(s) = s**3 - 3*s**2 + 8*s + 187. Let m be q(0). Calculate the highest common divisor of 493 and m.
17
Suppose -3*i = -f + 1336 - 162, 0 = 2*f - 5*i - 2353. What is the highest common divisor of 369 and f?
41
Let i(b) be the second derivative of -b**4/6 + 13*b**3/6 - 10*b**2 - 140*b. Let v be i(3). Suppose 13 = 2*p + 3. What is the greatest common divisor of v and p?
1
Let a(j) = 9*j**2 + 321*j - 81. Let l be a(-38). Calculate the highest common factor of 6 and l.
3
Suppose 81*m + 2226 = -m + 6162. Calculate the greatest common factor of m and 828.
12
Let f be 1664 + ((-15)/(210/(-4)))/(4/14). What is the highest common divisor of 18 and f?
9
Suppose -282464 = -858*s + 746*s. Calculate the highest common factor of 388 and s.
194
Suppose -250*w = -252*w + f + 10349, 2*w = 4*f + 10346. What is the highest common divisor of 900 and w?
225
Let n be (-4 + 1 + -3)*3/6. Let q be (3/(-3))/(n/9). Calculate the highest common divisor of 6 and q.
3
Let s(m) = m**3 - 23*m**2 + 23*m - 17. Let p be s(22). Let u be 11/55 + 24/p. Let h be (u - 13/5) + (-4)/10. What is the highest common divisor of h and 14?
2
Let d = 6 + 111. Suppose -58*y + 52 = -180. Let g be (-144)/(-9) - (y - 1). What is the greatest common divisor of d and g?
13
Suppose 2*x - 108 = -2*x. Let v = 25088 + -24656. Calculate the highest common factor of x and v.
27
Let z = -5748 - -6084. What is the greatest common divisor of 42 and z?
42
Suppose 59*b - 3513 - 5058 - 7595 = 0. Calculate the highest common factor of 1781 and b.
137
Suppose 0 = -6*i - 3*q + 6591, 9*q = -4*i + 6*q + 4395. What is the greatest common factor of 24 and i?
6
Suppose 5 = -5*n, -24*w + 19*w + 582 = -2*n. Calculate the greatest common factor of w and 28.
4
Suppose -21*f + 34 = -19*f. Suppose -16*j = -f*j + 1. What is the highest common factor of j and 7?
1
Suppose 4*n - 329 - 111 = -4*o, n - 115 = -2*o. Let c be 1/(5/n + 0). What is the highest common factor of 147 and c?
21
Suppose 6*k - 326 = -314. Suppose -4*q - k*y + 55 = y, y + 3 = 0. What is the greatest common factor of q and 48?
16
Let n be (-4)/(3*(-28)/1155). Suppose -5*d = 3*q - 99, -3*d + n = -0*d + 4*q. What is the greatest common divisor of d and 7?
7
Suppose 3*c - 2*l + 6 = 8*c, l + 6 = 2*c. Calculate the highest common divisor of 49 and c.
1
Suppose 5*l = -5*b - 275, -4*b + l - 16 = 204. Let x = 132 + b. Calculate the greatest common factor of 22 and x.
11
Suppose -x + 3*n + 926 = 0, 4*x - 32*n = -29*n + 3650. What is the greatest common divisor of x and 12?
4
Let i = 67 - 65. Suppose 3*n - 6 = 3*t, 3*t + i*t - 22 = -3*n. Let k be (-3)/n + (-550)/(-8). What is the highest common factor of k and 102?
34
Let o be -2*(-6)/(-6)*-6. Let x(k) = -k**3 + 12*k**2 + 7*k - 6. Let t be x(o). What is the greatest common divisor of t and 65?
13
Let s(w) = 337*w**2 + 345*w - 202. Let g be s(14). Calculate the highest common factor of g and 120.
120
Let d be (1254/44)/(26/56 - (-2)/7). What is the greatest common divisor of 3154 and d?
38
Let w(n) = 4*n + 26. Let c(z) = -5*z - 27. Let o(v) = 5*c(v) + 6*w(v). Suppose 2*p - 12 - 10 = 0. Let x be o(p). What is the greatest common factor of 10 and x?
10
Suppose -8*s - 6038 = -6806. What is the greatest common divisor of s and 2048?
32
Let s be (-38)/((1 - -16)/(-34)). Calculate the greatest common divisor of s and 28.
4
Let c = -34786 - -36526. What is the greatest common divisor of c and 87?
87
Suppose 0 = 2*s - 2*m - 9832, -2 = -2*m + 3*m. Calculate the highest common factor of s and 18.
18
Suppose -211 = 42*j - 3655. Suppose 14 = 5*k + 4*q, 0 = -4*k - q - 0*q + 20. Suppose k*n - j = 86. Calculate the highest common divisor of n and 7.
7
Suppose 10*q - 4403 = 11*q - 120*q. Calculate the greatest common factor of 1369 and q.
37
Let p = -8751 + 8791. Calculate the highest common divisor of 45 and p.
5
Suppose -3*v = 2*v + 5, -2*l + v = -195. Suppose -4*r = 4, -2*r = -6*m + m + l. What is the highest common factor of m and 95?
19
Suppose -4 = -5*l + 1. Suppose 9 = 2*c + 6*y - y, -c - 4*y - 3 = 0. Suppose 69 + 50 = c*m. Calculate the greatest common factor of m and l.
1
Let w be 2 - ((-20)/70 + (-2)/(-7)). Suppose 2 - 14 = 4*l, l + 75 = w*t. Suppose 3*u - t - 18 = 0. Calculate the greatest common factor of u and 24.
6
Suppose -3*j = 2*f - 2544, -263*j = f - 268*j - 1272. What is the greatest common factor of f and 216?
24
Suppose 2*m + 2*m + 155 = 5*z, -4*z + m = -135. Let p(c) = 10*c - 88. Let r be p(-15). Let a = 553 + r. What is the highest common factor of a and z?
35
Suppose 0 = -4*g + 5*g - 9. Let h = 75 - -27. Let y = h - 101. What is the greatest common factor of y and g?
1
Let y(r) = -14*r**3 + 32*r**2 + 274*r + 13. Let s be y(-8). What is the greatest common divisor of s and 62?
31
Suppose 3*l = 2*y + 2*y + 241, -y - 379 = -5*l. Suppose -13 = -9*o - 4. Let s be o + -10 + 4 + 20. What is the highest common factor of s and l?
15
Let s(p) = 8*p**2 - 4*p + 2. Let z = -20 + 21. Let q be s(z). Suppose -82 - 62 = -3*g. What is the greatest common factor of q and g?
6
Suppose 0 = 82*o - 108 - 630. Suppose l - 5*x = 3*l - 723, -x - 1110 = -3*l. Calculate the greatest common divisor of o and l.
9
Let c be 436/10 - 8/(-20). Suppose 17*s - 24 - c = 0. Calculate the highest common divisor of s and 7.
1
Let o = -625 - -475. Let c = -86 - o. What is the highest common divisor of c and 288?
32
Let w(y) = -8*y - 101. Suppose -19*q = -10*q + 117. Let t be w(q). What is the greatest common factor of 2 and t?
1
Let o = -37307 + 62017. Calculate the highest common divisor of o and 10.
10
Let m(d) = -38*d + 3973. Let q be m(54). What is the highest common factor of 17 and q?
17
Let y be 1 - (-4 - (-8 + 7)). Let l(x) = 6*x**2 + x + 1. Let z be l(-1). Suppose -y*n + n = -z. What is the highest common divisor of n and 18?
2
Suppose 6*b + 0*b - 72 = 0. Suppose 0 = -6*l + b*l - 2280. What is the highest common factor of l and 40?
20
Suppose -8*i + 1150 + 254 = 4*i. Calculate the highest common factor of i and 325.
13
Let r = 11436 + -11298. What is the greatest common divisor of r and 216?
6
Suppose 221751 = -21*w + 102*w - 44415. Calculate the highest common divisor of w and 1378.
106
Suppose 22*v - 4430 = -4*z + 17*v, -3*z + v = -3313. What is the greatest common factor of z and 715?
65
Let y be 139 - (4 - 0/5). Let k(b) = -b**3 + 9*b**2 + 9*b + 25. Let l be -44 + 57 + 2*(-3)/2. Let f be k(l). What is the highest common divisor of f and y?
15
Suppose z = 4*z. Suppose z = -k + 4*k - 15, -19 = -2*d - 3*k. Suppose -5*h + 30 = 5*m, 5*h - 3*m - 60 = d*m. Calculate the highest common divisor of 36 and h.
9
Suppose 20*v - 16243 = -17*v. Let y = v + -437. Calculate the highest common divisor of 8 and y.
2
Let y(s) = 9*s**2 + 1. Let n be (1 + 2)*(1 - -2). Suppose -10 = u - n. Let l be y(u). Calculate the greatest common divisor of l and 10.
10
Let a = 367 - 625. Let d = a + 368. What is the highest common divisor of d and 66?
22
Suppose -21 = -4*r + 27. Suppose -27*s - 3*s = 46*s - 13680. Calculate the greatest common divisor of s and r.
12
Suppose 0 = 13*c - 15*c - 36. Let y = 62 - c. Calculate the greatest common divisor of 16 and y.
16
Let i(p) = 3*p**2 - 8*p - 15. Let f be (-11 - (-136)/12)*18/(-2). Let c be i(f). What is the greatest common factor of c and 16?
4
Let s be (4/12)/(1/15*1). Let o(k) = 21 - 2*k + k**2 - 9*k + 3*k. Let p be o(s). What is the highest common divisor of p and 8?
2
Let b = -18 + -119. Let n = 162 + b. Suppose -n*g = -28*g + 24. What is the greatest common divisor of 88 and g?
8
Let o be 3 - ((-444)/16)/